{"id":63,"date":"2022-09-30T11:58:06","date_gmt":"2022-09-30T09:58:06","guid":{"rendered":"https:\/\/dasgoldschagg.de\/eventlocation\/?page_id=63"},"modified":"2022-09-30T11:59:41","modified_gmt":"2022-09-30T09:59:41","slug":"technik","status":"publish","type":"page","link":"https:\/\/dasgoldschagg.de\/eventlocation\/technik\/","title":{"rendered":"TechRider"},"content":{"rendered":"<div id=\"wppb-builder-container\" class=\"wppb-builder-container\">                <div  class=\"wppb-row-parent  wppb-row-1664916428602 \"  >\n\t\t\t\t\t\n\t\t\t\t\t\t\t\t\t\t\n\t\t\t\t\t\t\t\t\t\t\n\t\t\t\t\t<div class=\"wppb-container \">\n\t\t\t\t\t\t\t\t\t\t\t\t\t\n                        <div class=\"wppb-row\">\n\t\t\t\t\t\t\t                                    <div  class=\"wppb-column-parent wppb-column-parent-view wppb-col-1664916428600  \"  >\n                                        <div class=\"wppb-column\">\n\t\t\t\t\t\n\t\t\t\t\t\t\t\t\t\t\t\n                                            <div class=\"wppb-builder-addons\">\n\t\t\t\t\t\t\t\t\t\t\t\t<div class='wppb-builder-addon wppb-addon-1664916462402'  data-addon-id='1664916462402'><div class='wppb-addon'><div class=\"wppb-text-block-addon\"><div class=\"wppb-text-block-content 0\"><h3>Das Museum<\/h3><p>65 qm Veranstaltungsfl\u00e4che <br \/>7 qm Empfang <br \/>17 qm Nebenraum mit Zugang zum Au\u00dfenbereich und zum Museum <br \/>72 qm Au\u00dfenbereich<br \/>Vorhangsystem zur flexiblen Inszenierung <br \/>Tageslicht <br \/>\u00d6PNV: 3 Min. zur U2; 12 Min. zur S-Bahn\/U-Bahn\/Bus<br \/>Barrierefreier Zugang<br \/>Inkl. Endreinigung (Besenrein hinterlassen)<br \/>Aufbau am Vorabend nach Absprache<\/p><\/div><\/div><\/div><\/div>                                            <\/div>\n                                        <\/div>\n                                    <\/div>\n\t\t\t\t\t\t\t\t\t                                    <div  class=\"wppb-column-parent wppb-column-parent-view wppb-col-1664916428601  \"  >\n                                        <div class=\"wppb-column\">\n\t\t\t\t\t\n\t\t\t\t\t\t\t\t\t\t\t\n                                            <div class=\"wppb-builder-addons\">\n\t\t\t\t\t\t\t\t\t\t\t\t<div class='wppb-builder-addon wppb-addon-1664916506475'  data-addon-id='1664916506475'><div class='wppb-addon'><div class=\"wppb-text-block-addon\"><div class=\"wppb-text-block-content 0\"><h3>Veranstaltungstechnik (optional)<\/h3><p>13qm B\u00fchne <br \/>2 vertikal Traversen <br \/>12 Akku Spots; 5 Fluter; 4 flexible Stehleuchten <br \/>professionelle Lichtanlage im gesamten Museum<br \/>WLAN <br \/>Leinwand (optional)<\/p><\/div><\/div><\/div><\/div><div class='wppb-builder-addon wppb-addon-1664916553508'  data-addon-id='1664916553508'><div class='wppb-addon'><div class=\"wppb-text-block-addon\"><div class=\"wppb-text-block-content 0\"><h3>Ausstattung<\/h3><p>K\u00fcchenzeile; Tische; 2 Stehtische; Table-Top (optional)<\/p><p>Jegliche Ausstattung kann \u00fcber unsere Preferred Partner zus\u00e4tzlich gemietet werden.<\/p><\/div><\/div><\/div><\/div>                                            <\/div>\n                                        <\/div>\n                                    <\/div>\n\t\t\t\t\t\t\t\t\t                                    <div  class=\"wppb-column-parent wppb-column-parent-view wppb-col-1668506585284  \"  >\n                                        <div class=\"wppb-column\">\n\t\t\t\t\t\n\t\t\t\t\t\t\t\t\t\t\t\n                                            <div class=\"wppb-builder-addons\">\n\t\t\t\t\t\t\t\t\t\t\t\t<div class='wppb-builder-addon wppb-addon-1668506597032'  data-addon-id='1668506597032'><div class='wppb-addon'><div class=\"wppb-image-addon\"><figure class=\"wppb-image-addon-content-wrap\"><div class=\"wppb-image-addon-content wppb-imginlineblock\"><img decoding=\"async\" class=\"wppb-image-addon-img\" src=\"https:\/\/dasgoldschagg.de\/eventlocation\/wp-content\/uploads\/2022\/11\/traverse.jpg\" alt=\"Bild der Location mit Traverse und Vorh\u00e4ngen\"><\/div><\/figure><\/div><\/div><\/div>                                            <\/div>\n                                        <\/div>\n                                    <\/div>\n\t\t\t\t\t\t\t\t\t                        <\/div>\n\n                    <\/div>\n                <\/div>\n\t\t\t\t<\/div>","protected":false},"excerpt":{"rendered":"<p>Das Museum65 qm Veranstaltungsfl\u00e4che 7 qm Empfang 17 qm Nebenraum mit Zugang zum Au\u00dfenbereich und zum Museum 72 qm Au\u00dfenbereichVorhangsystem zur flexiblen Inszenierung Tageslicht \u00d6PNV: 3 Min. zur U2; 12 Min. zur S-Bahn\/U-Bahn\/BusBarrierefreier ZugangInkl. Endreinigung (Besenrein hinterlassen)Aufbau am Vorabend nach Absprache Veranstaltungstechnik (optional)13qm B\u00fchne 2 vertikal Traversen 12 Akku Spots; 5 Fluter; 4 flexible Stehleuchten\u2192<\/p>\n","protected":false},"author":1,"featured_media":0,"parent":0,"menu_order":0,"comment_status":"closed","ping_status":"closed","template":"","meta":{"footnotes":""},"class_list":["post-63","page","type-page","status-publish","hentry","wpbf-post"],"_links":{"self":[{"href":"https:\/\/dasgoldschagg.de\/eventlocation\/wp-json\/wp\/v2\/pages\/63","targetHints":{"allow":["GET"]}}],"collection":[{"href":"https:\/\/dasgoldschagg.de\/eventlocation\/wp-json\/wp\/v2\/pages"}],"about":[{"href":"https:\/\/dasgoldschagg.de\/eventlocation\/wp-json\/wp\/v2\/types\/page"}],"author":[{"embeddable":true,"href":"https:\/\/dasgoldschagg.de\/eventlocation\/wp-json\/wp\/v2\/users\/1"}],"replies":[{"embeddable":true,"href":"https:\/\/dasgoldschagg.de\/eventlocation\/wp-json\/wp\/v2\/comments?post=63"}],"version-history":[{"count":2,"href":"https:\/\/dasgoldschagg.de\/eventlocation\/wp-json\/wp\/v2\/pages\/63\/revisions"}],"predecessor-version":[{"id":66,"href":"https:\/\/dasgoldschagg.de\/eventlocation\/wp-json\/wp\/v2\/pages\/63\/revisions\/66"}],"wp:attachment":[{"href":"https:\/\/dasgoldschagg.de\/eventlocation\/wp-json\/wp\/v2\/media?parent=63"}],"curies":[{"name":"wp","href":"https:\/\/api.w.org\/{rel}","templated":true}]}}