{"id":40,"date":"2022-09-27T21:34:03","date_gmt":"2022-09-27T19:34:03","guid":{"rendered":"https:\/\/dasgoldschagg.de\/eventlocation\/?page_id=40"},"modified":"2022-09-27T21:34:04","modified_gmt":"2022-09-27T19:34:04","slug":"mice-meetings-incentives-conferences-events","status":"publish","type":"page","link":"https:\/\/dasgoldschagg.de\/eventlocation\/mice-meetings-incentives-conferences-events\/","title":{"rendered":"MICE"},"content":{"rendered":"<div id=\"wppb-builder-container\" class=\"wppb-builder-container\">                <div  class=\"wppb-row-parent  wppb-row-1664307314593 \"  >\n\t\t\t\t\t\n\t\t\t\t\t\t\t\t\t\t\n\t\t\t\t\t\t\t\t\t\t\n\t\t\t\t\t<div class=\"wppb-container \">\n\t\t\t\t\t\t\t\t\t\t\t\t\t\n                        <div class=\"wppb-row\">\n\t\t\t\t\t\t\t                                    <div  class=\"wppb-column-parent wppb-column-parent-view wppb-col-1664307314591  \"  >\n                                        <div class=\"wppb-column\">\n\t\t\t\t\t\n\t\t\t\t\t\t\t\t\t\t\t\n                                            <div class=\"wppb-builder-addons\">\n\t\t\t\t\t\t\t\t\t\t\t\t<div class='wppb-builder-addon wppb-addon-1664307475038'  data-addon-id='1664307475038'><div class='wppb-addon'><div class=\"wppb-text-block-addon\"><div class=\"wppb-text-block-content 0\"><h4>Meeting. Incentive. Confernce. Event.<\/h4><p>Wir sind gerne Plattform f\u00fcr deine gesch\u00e4ftliche Veranstaltung. Durch unsere Vorhangsystem sind wir in der Lage den Raum auf deine Bed\u00fcrfnisse in wenigen Minuten anzupassen. <br \/>Der Kunde steht bei uns im Fokus. Wir haben die Bed\u00fcrfnisse unserer Kunden immer im Blick, versetzten uns in ihre Lage hinein und finden schnelle L\u00f6sungen f\u00fcr Probleme. <br \/>N\u00fcchternes Meeting oder unvergessliche Incentives. <br \/>Melde Dich mit deinem Anliegen direkt unter<\/p><\/div><\/div><\/div><\/div><div class='wppb-builder-addon wppb-addon-1664307539467'  data-addon-id='1664307539467'><div class='wppb-addon'><div class=\"wppb-button-group-addon\"><div class=\"wppb-button-addon-content\"><div class=\"wppb-button-group repeater-0\"><a  href=\"tel:00498928935113\" target=_self class=\"wppb-btn-addons  wppb-btn-custom wppb-btn-rounded wppb-btn-standard\"><i class=\"fas fa-phone-alt\"><\/i> 089 \/ 289 35 113 anrufen<\/a><\/div><div class=\"wppb-button-group repeater-1\"><a  href=\"mailto:post@dasgoldschagg.de\" target=_self class=\"wppb-btn-addons  wppb-btn-custom wppb-btn-rounded wppb-btn-standard\"><i class=\"far fa-envelope\"><\/i> post@dasgoldschagg.de<\/a><\/div><\/div><\/div><\/div><\/div>                                            <\/div>\n                                        <\/div>\n                                    <\/div>\n\t\t\t\t\t\t\t\t\t                                    <div  class=\"wppb-column-parent wppb-column-parent-view wppb-col-1664307314592  \"  >\n                                        <div class=\"wppb-column\">\n\t\t\t\t\t\n\t\t\t\t\t\t\t\t\t\t\t\n                                            <div class=\"wppb-builder-addons\">\n\t\t\t\t\t\t\t\t\t\t\t\t<div class='wppb-builder-addon wppb-addon-1664307342269'  data-addon-id='1664307342269'><div class='wppb-addon'><div class=\"wppb-testimonial-addon\"><div class=\"wppb-testimonial-addon-content testimonial-layout-one\"><div class=\"wppb-testimonial-content\"><div class=\"wppb-testimonial-introtext\">Was f\u00fcr eine einzigartige Location! Die haben nicht nur coole Maschinen, die SIND auch Maschinen, wenn es darum geht, kreative Ideen f\u00fcr einen Event zu verwirklichen.<\/div><div class=\"wppb-testimonial-information\"><div class=\"wppb-testimonial-image\"><img decoding=\"async\" class=\"wppb-testimonial-addon-img\" src=\"https:\/\/dasgoldschagg.de\/eventlocation\/wp-content\/uploads\/2023\/02\/fake-e1677496265197.jpg\" alt=\"Max Mustermanager\"><\/div><div class=\"wppb-testimonial-title\"><h4 class=\"wppb-testimonial-name\">Max Mustermanager<\/h4><span class=\"wppb-testimonial-designation\">Leiter Eventmanagement, Musterfirma AG<\/span><\/div><\/div><\/div><\/div><\/div><\/div><\/div>                                            <\/div>\n                                        <\/div>\n                                    <\/div>\n\t\t\t\t\t\t\t\t\t                        <\/div>\n\n                    <\/div>\n                <\/div>\n\t\t\t\t                <div  class=\"wppb-row-parent  wppb-row-1666937283113 \"  >\n\t\t\t\t\t\n\t\t\t\t\t\t\t\t\t\t\n\t\t\t\t\t\t\t\t\t\t\n\t\t\t\t\t<div class=\"wppb-container \">\n\t\t\t\t\t\t\t\t\t\t\t\t\t\n                        <div class=\"wppb-row\">\n\t\t\t\t\t\t\t                                    <div  class=\"wppb-column-parent wppb-column-parent-view wppb-col-1666937283112  \"  >\n                                        <div class=\"wppb-column\">\n\t\t\t\t\t\n\t\t\t\t\t\t\t\t\t\t\t\n                                            <div class=\"wppb-builder-addons\">\n\t\t\t\t\t\t\t\t\t\t\t\t<div class='wppb-builder-addon wppb-widget-1666937303094 wppb-addon-1666937303094'  data-addon-id='1666937303094'><div class='wppb-widget'><div id='gallery-1' class='gallery galleryid-40 gallery-columns-6 gallery-size-thumbnail'><figure class='gallery-item'>\n\t\t\t<div class='gallery-icon landscape'>\n\t\t\t\t<a href='https:\/\/dasgoldschagg.de\/eventlocation\/wp-content\/uploads\/2022\/11\/A6607800-HDR.jpg'><img loading=\"lazy\" decoding=\"async\" width=\"150\" height=\"150\" src=\"https:\/\/dasgoldschagg.de\/eventlocation\/wp-content\/uploads\/2022\/11\/A6607800-HDR-150x150.jpg\" class=\"attachment-thumbnail size-thumbnail\" alt=\"\" \/><\/a>\n\t\t\t<\/div><\/figure><figure class='gallery-item'>\n\t\t\t<div class='gallery-icon landscape'>\n\t\t\t\t<a href='https:\/\/dasgoldschagg.de\/eventlocation\/wp-content\/uploads\/2022\/11\/A6607623-HDR.jpg'><img loading=\"lazy\" decoding=\"async\" width=\"150\" height=\"150\" src=\"https:\/\/dasgoldschagg.de\/eventlocation\/wp-content\/uploads\/2022\/11\/A6607623-HDR-150x150.jpg\" class=\"attachment-thumbnail size-thumbnail\" alt=\"\" \/><\/a>\n\t\t\t<\/div><\/figure><figure class='gallery-item'>\n\t\t\t<div class='gallery-icon portrait'>\n\t\t\t\t<a href='https:\/\/dasgoldschagg.de\/eventlocation\/wp-content\/uploads\/2022\/11\/A6606921.jpg'><img loading=\"lazy\" decoding=\"async\" width=\"150\" height=\"150\" src=\"https:\/\/dasgoldschagg.de\/eventlocation\/wp-content\/uploads\/2022\/11\/A6606921-150x150.jpg\" class=\"attachment-thumbnail size-thumbnail\" alt=\"\" \/><\/a>\n\t\t\t<\/div><\/figure><figure class='gallery-item'>\n\t\t\t<div class='gallery-icon landscape'>\n\t\t\t\t<a href='https:\/\/dasgoldschagg.de\/eventlocation\/wp-content\/uploads\/2022\/11\/A6606924.jpg'><img loading=\"lazy\" decoding=\"async\" width=\"150\" height=\"150\" src=\"https:\/\/dasgoldschagg.de\/eventlocation\/wp-content\/uploads\/2022\/11\/A6606924-150x150.jpg\" class=\"attachment-thumbnail size-thumbnail\" alt=\"\" \/><\/a>\n\t\t\t<\/div><\/figure><figure class='gallery-item'>\n\t\t\t<div class='gallery-icon landscape'>\n\t\t\t\t<a href='https:\/\/dasgoldschagg.de\/eventlocation\/wp-content\/uploads\/2022\/11\/A6607734-HDR.jpg'><img loading=\"lazy\" decoding=\"async\" width=\"150\" height=\"150\" src=\"https:\/\/dasgoldschagg.de\/eventlocation\/wp-content\/uploads\/2022\/11\/A6607734-HDR-150x150.jpg\" class=\"attachment-thumbnail size-thumbnail\" alt=\"\" \/><\/a>\n\t\t\t<\/div><\/figure><figure class='gallery-item'>\n\t\t\t<div class='gallery-icon landscape'>\n\t\t\t\t<a href='https:\/\/dasgoldschagg.de\/eventlocation\/wp-content\/uploads\/2022\/11\/A6607809.jpg'><img loading=\"lazy\" decoding=\"async\" width=\"150\" height=\"150\" src=\"https:\/\/dasgoldschagg.de\/eventlocation\/wp-content\/uploads\/2022\/11\/A6607809-150x150.jpg\" class=\"attachment-thumbnail size-thumbnail\" alt=\"\" \/><\/a>\n\t\t\t<\/div><\/figure>\n\t\t<\/div>\n<\/div><\/div>                                            <\/div>\n                                        <\/div>\n                                    <\/div>\n\t\t\t\t\t\t\t\t\t                        <\/div>\n\n                    <\/div>\n                <\/div>\n\t\t\t\t                <div  class=\"wppb-row-parent  wppb-row-1664308231756 \"  >\n\t\t\t\t\t\n\t\t\t\t\t\t\t\t\t\t\n\t\t\t\t\t\t\t\t\t\t\n\t\t\t\t\t<div class=\"wppb-container \">\n\t\t\t\t\t\t\t\t\t\t\t\t\t\n                        <div class=\"wppb-row\">\n\t\t\t\t\t\t\t                                    <div  class=\"wppb-column-parent wppb-column-parent-view wppb-col-1664308231757  \"  >\n                                        <div class=\"wppb-column\">\n\t\t\t\t\t\n\t\t\t\t\t\t\t\t\t\t\t\n                                            <div class=\"wppb-builder-addons\">\n\t\t\t\t\t\t\t\t\t\t\t\t<div class='wppb-builder-addon wppb-addon-1664308231758'  data-addon-id='1664308231758'><div class='wppb-addon'><div class=\"wppb-text-block-addon\"><div class=\"wppb-text-block-content 0\"><h3 style=\"text-align: center\">Sie k\u00f6nnen auch eine konkrete Anfrage stellen, und wir melden uns innerhalb von 1 Werktag bei Ihnen mit einem Angebot zur\u00fcck!<\/h3><\/div><\/div><\/div><\/div><div class='wppb-builder-addon wppb-addon-1664308231759'  data-addon-id='1664308231759'><div class='wppb-addon'><div class=\"wppb-global-form-addon\"><div class=\"wppb-global-form-content  wppb-textarea-disbale-0\">            <form method=\"post\" enctype=\"multipart\/form-data\" class=\"wppb-form-addon\" data-form-id=\"1664308231759\">\r\n\t\t\t\t<input type=\"hidden\" id=\"wppb_form_nonce_field\" name=\"wppb_form_nonce_field\" value=\"10a3c53f5c\" \/><input type=\"hidden\" name=\"_wp_http_referer\" value=\"\/eventlocation\/wp-json\/wp\/v2\/pages\/40\" \/>                <input type=\"hidden\" name=\"wppb_form_data\" value=\"{&quot;addon_id&quot;:1664308231759,&quot;page_id&quot;:40}\">\r\n                <div class=\"wppb-form-msg\"><\/div>\r\n                <div class=\"wppb-form-field-item-wrap\">\r\n\t\t\t\t\t                        <div class=\"wppb-form-field-repeat repeater-0\">\r\n                            <div class=\"wppb-form-field-wrap\">\r\n\t\t\t\t\t\t\t\t\t\t\t\t\t\t\t\t\t<label class=\"wppb-form-field-label\">Name<span class='require-sign'>*<\/span><\/label>\r\n\t\t\t\t\t\t\t\t\t\t\t\t\t\t\t\t\t\t\t\t\t\t\t\t\t \n<span class=\"wppb-form-field-item wppb-form-field-input\">\n    <input type=\"text\" name=\"wppb_default_form[0]\"  placeholder=\"Vor- und Nachname\" data-required=\"true\" data-label=\"Name\"  >\n<\/span>\t\t\t\t\t\t\t\t                            <\/div>\r\n                        <\/div>\r\n\t\t\t\t\t\t                        <div class=\"wppb-form-field-repeat repeater-1\">\r\n                            <div class=\"wppb-form-field-wrap\">\r\n\t\t\t\t\t\t\t\t\t\t\t\t\t\t\t\t\t<label class=\"wppb-form-field-label\">Firma<\/label>\r\n\t\t\t\t\t\t\t\t\t\t\t\t\t\t\t\t\t\t\t\t\t\t\t\t\t \n<span class=\"wppb-form-field-item wppb-form-field-input\">\n    <input type=\"text\" name=\"wppb_default_form[1]\"  placeholder=\"Firmenname\"  >\n<\/span>\t\t\t\t\t\t\t\t                            <\/div>\r\n                        <\/div>\r\n\t\t\t\t\t\t                        <div class=\"wppb-form-field-repeat repeater-2\">\r\n                            <div class=\"wppb-form-field-wrap\">\r\n\t\t\t\t\t\t\t\t\t\t\t\t\t\t\t\t\t<label class=\"wppb-form-field-label\">Kontaktm\u00f6glichkeit<span class='require-sign'>*<\/span><\/label>\r\n\t\t\t\t\t\t\t\t\t\t\t\t\t\t\t\t\t\t\t\t\t\t\t\t\t \n<span class=\"wppb-form-field-item wppb-form-field-input\">\n    <input type=\"text\" name=\"wppb_default_form[2]\"  placeholder=\"Emailadresse oder Telefonnummer\" data-required=\"true\" data-label=\"Kontaktm\u00f6glichkeit\"  >\n<\/span>\t\t\t\t\t\t\t\t                            <\/div>\r\n                        <\/div>\r\n\t\t\t\t\t\t                        <div class=\"wppb-form-field-repeat repeater-3\">\r\n                            <div class=\"wppb-form-field-wrap\">\r\n\t\t\t\t\t\t\t\t\t\t\t\t\t\t\t\t\t<label class=\"wppb-form-field-label\">Veranstaltungsdatum<\/label>\r\n\t\t\t\t\t\t\t\t\t\t\t\t\t\t\t\t\t\t\t\t\t\t\t\t\t \n<span class=\"wppb-form-field-item wppb-form-field-input\">\n    <input type=\"text\" name=\"wppb_default_form[3]\"  placeholder=\"Wenn Sie schon wissen wann es stattfinden soll.\"  >\n<\/span>\t\t\t\t\t\t\t\t                            <\/div>\r\n                        <\/div>\r\n\t\t\t\t\t\t                        <div class=\"wppb-form-field-repeat repeater-4\">\r\n                            <div class=\"wppb-form-field-wrap\">\r\n\t\t\t\t\t\t\t\t\t\t\t\t\t\t\t\t\t<label class=\"wppb-form-field-label\">Anfrage<\/label>\r\n\t\t\t\t\t\t\t\t\t\t\t\t\t\t\t\t\t\t\t\t\t\t\t\t\t<span class=\"wppb-form-field-item wppb-form-field-textarea\">\n    <textarea name=\"wppb_default_form[4]\"  placeholder=\"Was gibt es \u00fcber die Veranstaltung zu sagen? Anlass, Personenanzahl, W\u00fcnsche\"  ><\/textarea>\n<\/span>\t\t\t\t\t\t\t\t                            <\/div>\r\n                        <\/div>\r\n\t\t\t\t\t\t                <\/div>\r\n\r\n\t\t\t\t                    <div class=\"wppb-custom-recaptcha\">\r\n                        <span class=\"wppb-form-recaptcha-input\"><input type=\"text\" name=\"wppb_default_form[wppb_form_recaptcha_answer]\" data-required=\"true\" placeholder=\"10+5 = ?\" data-label=\"WPPB Simple reCaptcha\"\/><\/span>\r\n                    <\/div>\r\n\t\t\t\t\r\n\t\t\t\t\r\n\t\t\t\t\r\n                <div class=\"wppb_form_addon_submit_btn_wrap wppb-form-btn-wrap\">\r\n                    <button class=\"wppb-btn-forms wppb_form_addon_submit  wppb-btn-no\" type=\"submit\"> <i class=\"far fa-smile-beam\"><\/i> <span>Unverbindliche Anfrage einrichen<\/span> <\/button>\r\n                <\/div>\r\n\r\n                <div class=\"wppb_form_response\"><\/div>\r\n            <\/form>\r\n\r\n\t\t\t<\/div><\/div><\/div><\/div>                                            <\/div>\n                                        <\/div>\n                                    <\/div>\n\t\t\t\t\t\t\t\t\t                        <\/div>\n\n                    <\/div>\n                <\/div>\n\t\t\t\t<\/div>","protected":false},"excerpt":{"rendered":"<p>Meeting. Incentive. Confernce. Event.Wir sind gerne Plattform f\u00fcr deine gesch\u00e4ftliche Veranstaltung. Durch unsere Vorhangsystem sind wir in der Lage den Raum auf deine Bed\u00fcrfnisse in wenigen Minuten anzupassen. Der Kunde steht bei uns im Fokus. Wir haben die Bed\u00fcrfnisse unserer Kunden immer im Blick, versetzten uns in ihre Lage hinein und finden schnelle L\u00f6sungen f\u00fcr\u2192<\/p>\n","protected":false},"author":1,"featured_media":0,"parent":0,"menu_order":0,"comment_status":"closed","ping_status":"closed","template":"","meta":{"footnotes":""},"class_list":["post-40","page","type-page","status-publish","hentry","wpbf-post"],"_links":{"self":[{"href":"https:\/\/dasgoldschagg.de\/eventlocation\/wp-json\/wp\/v2\/pages\/40","targetHints":{"allow":["GET"]}}],"collection":[{"href":"https:\/\/dasgoldschagg.de\/eventlocation\/wp-json\/wp\/v2\/pages"}],"about":[{"href":"https:\/\/dasgoldschagg.de\/eventlocation\/wp-json\/wp\/v2\/types\/page"}],"author":[{"embeddable":true,"href":"https:\/\/dasgoldschagg.de\/eventlocation\/wp-json\/wp\/v2\/users\/1"}],"replies":[{"embeddable":true,"href":"https:\/\/dasgoldschagg.de\/eventlocation\/wp-json\/wp\/v2\/comments?post=40"}],"version-history":[{"count":1,"href":"https:\/\/dasgoldschagg.de\/eventlocation\/wp-json\/wp\/v2\/pages\/40\/revisions"}],"predecessor-version":[{"id":41,"href":"https:\/\/dasgoldschagg.de\/eventlocation\/wp-json\/wp\/v2\/pages\/40\/revisions\/41"}],"wp:attachment":[{"href":"https:\/\/dasgoldschagg.de\/eventlocation\/wp-json\/wp\/v2\/media?parent=40"}],"curies":[{"name":"wp","href":"https:\/\/api.w.org\/{rel}","templated":true}]}}